2 + 867*y + 2588. What is j(-3)?
149
Let n(g) = 14292*g - 543005. What is n(38)?
91
Let x(a) = -11*a**2 + 3512*a - 13971. Determine x(4).
-99
Let r(j) = 7*j**2 + 1860*j + 5575. Calculate r(-3).
58
Let u(n) = 7*n**2 - 27094*n - 489981. Calculate u(-18).
-21
Let p(x) = 22*x**2 + 2717*x + 8086. Give p(-3).
133
Let g(t) = -5*t**2 - 78*t + 3281. Determine g(19).
-6
Let g(h) = -18*h**2 - 5419*h + 27478. Calculate g(5).
-67
Let l(x) = 2*x**2 - 61*x + 95. Give l(33).
260
Let k(u) = -u**3 - 192*u**2 - 1192*u - 13905. Determine k(-186).
231
Let b(y) = 62458*y + 562114. Give b(-9).
-8
Let v(i) = i**3 - 7*i**2 - 93*i + 851. Give v(10).
221
Let v(n) = -409665*n - 4915977. Calculate v(-12).
3
Let x(q) = 8016*q + 80154. Give x(-10).
-6
Let f(j) = -45*j**3 - 48*j**2 - 51*j + 170. What is f(3)?
-1630
Let j(v) = -66*v**2 + 10548*v + 1920. Give j(160).
0
Let v(y) = -223*y**2 + 181*y + 181. What is v(-1)?
-223
Let n(h) = 2*h**3 - 16*h**2 - 260*h + 2185. Calculate n(9).
7
Let p(t) = -867*t + 48550. Calculate p(56).
-2
Let b(x) = 25233*x + 530098. Determine b(-21).
205
Let q(c) = c**2 + 1036*c - 27743. Calculate q(26).
-131
Let f(c) = -583*c - 125847. What is f(-216)?
81
Let x(q) = 3*q**2 - 3339*q + 43311. Give x(13).
411
Let s(n) = -2*n**2 - 13*n + 1008. Give s(-26).
-6
Let p(r) = r**3 + 10*r**2 - 579*r - 2400. What is p(-4)?
12
Let b(w) = 61563*w + 309212. What is b(-5)?
1397
Let w(a) = 3*a**3 - 11*a**2 - 87*a + 233. Determine w(12).
2789
Let a(j) = 94*j**2 + 249*j - 324. Calculate a(-4).
184
Let h(x) = -11885*x - 2151178. Give h(-181).
7
Let u(v) = v**3 - 19*v**2 - 392*v + 208. Give u(-13).
-104
Let n(a) = -a**3 - 6*a**2 + 7488*a + 29941. Calculate n(-4).
-43
Let i(n) = -136*n**2 - 1100*n + 1099. What is i(1)?
-137
Let s(g) = -3*g**3 - 537*g**2 + 1644*g + 1101. Determine s(-182).
9
Let w(m) = 713*m - 41341. Give w(58).
13
Let a(h) = -98503*h - 2955082. Calculate a(-30).
8
Let b(j) = j**2 - 4983*j - 49946. What is b(-10)?
-16
Let m(n) = n**3 - 1384*n**2 - 51179*n + 83782. What is m(1420)?
2
Let z(x) = -52*x**2 + 239*x + 28. Give z(8).
-1388
Let v(s) = 265*s**2 - 763*s - 6. Calculate v(3).
90
Let t(x) = 18*x**2 + 65*x + 306. Give t(-5).
431
Let b(w) = 2*w**3 + 66*w**2 - 27*w - 4687. Determine b(-31).
-6
Let v(n) = n**3 - 176*n**2 + 958*n + 10530. Give v(170).
-10
Let z(x) = x**3 + 6*x**2 + 1620*x + 6453. Calculate z(-4).
5
Let o(l) = l**3 + 67*l**2 - 107*l - 1561. Calculate o(-68).
1091
Let z(h) = h**3 - 687*h**2 - 22259*h - 30. What is z(-31)?
1
Let b(r) = 605*r + 12214. Calculate b(-13).
4349
Let q(o) = -o**2 + 916*o + 389313. Determine q(-316).
1
Let n(b) = 40*b**2 + 566*b - 11. Determine n(-3).
-1349
Let i(h) = -11159*h + 312422. Give i(28).
-30
Let g(p) = -p**3 - 4*p**2 + 71*p - 1576. Calculate g(-13).
-978
Let q(y) = -168*y**2 - 104521*y - 15544. Determine q(-622).
6
Let b(p) = 8*p**2 + 769*p + 14582. Determine b(-26).
-4
Let f(s) = -313*s - 10763. Determine f(-34).
-121
Let v(f) = -4*f**3 - 151*f**2 - 1284*f - 50220. What is v(-38)?
16
Let v(l) = -l**3 + 51*l**2 + 590*l - 10677. Give v(58).
-5
Let m(q) = -5*q**3 + 32*q**2 - 79*q + 242. Calculate m(5).
22
Let l(z) = -530*z - 648. Determine l(7).
-4358
Let q(y) = -3858*y + 92579. Determine q(24).
-13
Let h(c) = c**3 + 12*c**2 - 248*c + 450. Determine h(9).
-81
Let t(s) = 5*s**2 - 2083*s - 94948. Give t(458).
-142
Let d(g) = g**3 - 74*g**2 + 1136*g + 283. Determine d(52).
-133
Let t(v) = -2*v**2 + 227*v + 3503. Determine t(-14).
-67
Let i(q) = -7*q**3 + 146*q**2 + 96*q - 1639. Calculate i(21).
-64
Let m(b) = 103*b**2 - 11910*b - 16505. What is m(117)?
-8
Let u(h) = 2*h**3 - 209*h**2 + 325*h - 2728. What is u(103)?
-1080
Let s(b) = 2*b**2 - 1722*b + 6862. What is s(4)?
6
Let p(v) = 11*v**3 - 88*v**2 - 18. Give p(8).
-18
Let q(l) = 7*l**2 - 263*l + 98. Calculate q(37).
-50
Let t(x) = -1187*x - 979276. Give t(-825).
-1
Let m(o) = o**3 + 310*o**2 + 1285*o + 398356. What is m(-310)?
6
Let m(j) = j**2 + 148618*j + 43163151. What is m(-291)?
-6
Let i(o) = 5*o**2 - 815*o - 39429. Determine i(202).
-39
Let r(f) = f**3 + 97*f**2 + 2346*f + 1. Determine r(-51).
1
Let y(r) = -r**3 + 31*r**2 - 198*r - 392. Determine y(21).
-140
Let q(x) = 23673*x + 29401853. Determine q(-1242).
-13
Let b(a) = 183354*a + 5133926. Determine b(-28).
14
Let q(w) = 687*w**2 - 6188*w + 26. What is q(9)?
-19
Let f(t) = -453*t + 5970. Determine f(13).
81
Let b(q) = 8970*q + 35870. What is b(-4)?
-10
Let p(v) = -2027*v + 717550. Give p(354).
-8
Let g(t) = 3369*t - 87589. What is g(26)?
5
Let j(h) = -9103*h + 9037. What is j(1)?
-66
Let l(q) = -86*q - 101. What is l(7)?
-703
Let k(g) = -g**3 - 240*g**2 + 203*g - 9161. Determine k(-241).
-3
Let o(g) = -6073*g + 145764. Calculate o(24).
12
Let s(p) = -9*p**3 - 15816*p**2 - 5373*p - 179210. What is s(-1757)?
4
Let k(p) = 6*p**2 - 22*p - 8690. Determine k(-36).
-122
Let p(w) = -w**3 - 135*w**2 - 167*w - 4401. Determine p(-134).
21
Let i(u) = 38*u**2 + 190*u + 209. What is i(-7)?
741
Let p(a) = -7*a**3 - 11*a**2 - 9*a + 2. Calculate p(-3).
119
Let j(i) = 2655*i**2 - 430110*i + 5. Determine j(162).
5
Let f(p) = 4*p**2 - 164*p + 671. Calculate f(41).
671
Let u(y) = -2*y**3 + 195*y**2 + 707*y - 366. What is u(101)?
-366
Let s(m) = 17*m**2 - 63*m - 225. Give s(-11).
2525
Let y(n) = -358*n - 3561. Calculate y(-10).
19
Let k(m) = 2*m**3 - 46*m**2 - 356*m + 244. Calculate k(29).
12
Let l(w) = 2*w**3 - 188*w**2 + 4344*w + 64. What is l(41)?
-18
Let t(j) = -34*j**3 + 68*j**2 + 565*j - 275. Give t(5).
0
Let l(h) = 3886536*h + 38865361. Calculate l(-10).
1
Let w(v) = -v**3 - 946*v**2 + 10757*v + 220110. Give w(-957).
0
Let d(j) = 291*j**2 - 44*j - 1. What is d(1)?
246
Let i(d) = -6*d**2 - 416*d - 7143. Determine i(-29).
-125
Let q(z) = -6*z**3 - 123*z**2 - 559*z + 65. Calculate q(-7).
9
Let m(k) = 2*k**2 + 453088*k + 453087. Determine m(-1).
1
Let k(m) = 14*m**2 + 1600*m + 13623. Give k(-105).
-27
Let d(b) = -b**3 - 8*b**2 + 255*b + 2008. What is d(16)?
-56
Let r(w) = -23*w**3 - 21*w**2 + 122*w - 17. Give r(6).
-5009
Let f(a) = 5*a**2 - 96*a - 145059. What is f(-161)?
2
Let h(c) = 8*c**2 - 12257*c - 86186. What is h(-7)?
5
Let f(s) = -10*s**2 + 100*s + 1488. Calculate f(20).
-512
Let g(t) = -t**2 - 411*t - 41610. Determine g(-197).
548
Let h(s) = -s**2 - 2850*s - 150955. Calculate h(-54).
29
Let z(v) = v**2 + 6555*v + 473190. What is z(-73)?
4
Let k(q) = q**3 + 320*q**2 + 283*q + 90641. What is k(-320)?
81
Let h(y) = -203*y + 14685. Calculate h(76).
-743
Let o(l) = -1230*l**2 + 19617*l - 19. Give o(16).
-1027
Let y(j) = -6903*j + 8815145. What is y(1277)?
14
Let n(x) = -96030*x + 288000. What is n(3)?
-90
Let t(w) = 399*w - 33006. What is t(77)?
-2283
Let m(j) = 7*j**2 + 114*j - 995. Calculate m(8).
365
Let n(y) = -2*y**2 - 138*y + 5251. What is n(-94)?
551
Let c(o) = 533*o + 3173. Calculate c(-6).
-25
Let d(x) = 5189*x + 498173. What is d(-96)?
29
Let g(p) = 207586*p - 27193768. Determine g(131).
-2
Let c(y) = 222*y - 46649. Give c(210).
-29
Let w(k) = -115760*k - 578809. Determine w(-5).
-9
Let k(q) = -2*q**3 + 23*q**2 - 378*q + 3620. Give k(10).
140
Let n(r) = 55*r + 6397. Determine n(-109).
402
Let j(t) = 152*t + 2363. Calculate j(-9).
995
Let q(d) = -5*d**3 + 142*d**2 - 1338*d + 35912. What is q(28)?
16
Let x(j) = j**2 + 36*j + 111. Determine x(-7).
-92
Let j(i) = 4348*i - 1047865. Calculate j(241).
3
Let j(w) = w**3 + 250*w**2 - 769*w - 2521. Calculate j(-253).
9
Let b(g) = 11*g**3 - 633*g**2 + 5632*g + 9. What is b(11)?
9
Let t(v) = 29*v**3 + 20*v**2 - 3*v + 5. Calculate t(3).
959
Let b(t) = 30398*t**2 - 121575*t - 55. Calculate b(4).
13
Let y(g) = -g**3 + 15*g**2 - 264*g - 2338. Give y(-6).
2
Let o(c) = -2654*c + 172359. Calculate o(65).
-151
Let d(k) = 2*k**3 - 2675*k**2 + 2857*k - 2032247. What is d(1337)?
-7
Let c(y) = -y**2 + 3897*y + 221801. Calculate c(-56).
433
Let l(q) = -2*q**2 - 7484*q - 427352. What is l(-58)?
-8
Let v(p) = 2*p**3 - p**2 + 33*p + 148. Give v(-8).
-1204
Let w(k) = 232*k - 5538. What is w(24)?
30
Let d(l) = -1618*l + 8059. Give d(3).
3205
Let w(d) = 2*d**2 + 652*d + 38911. Give w(-248).
223
Let t(b) = -166437*b - 665758. Give t(-4).
-10
Let k(u) = -918*u - 220771. What is k(-241)?
467
Let j(r) = 46*r**2 - 1494*r - 984. Determine j(33).
-192
Let n(g) = 44*g**2 + 4386*g + 112. W